of 66 and 275?
11
What is the highest common factor of 3 and 52?
1
Calculate the greatest common factor of 55 and 99.
11
What is the highest common divisor of 115 and 275?
5
Calculate the greatest common divisor of 2 and 38.
2
What is the greatest common divisor of 375 and 150?
75
Calculate the highest common factor of 115 and 391.
23
Calculate the greatest common divisor of 9 and 2853.
9
Calculate the greatest common divisor of 2781 and 206.
103
Calculate the highest common factor of 9 and 4113.
9
Calculate the greatest common divisor of 12 and 10.
2
What is the highest common factor of 2958 and 102?
102
What is the greatest common divisor of 120 and 24555?
15
Calculate the greatest common factor of 231 and 539.
77
What is the highest common divisor of 7640 and 16?
8
Calculate the highest common divisor of 32 and 256.
32
What is the highest common divisor of 799 and 94?
47
Calculate the greatest common divisor of 20 and 220.
20
Calculate the highest common factor of 6 and 81.
3
Calculate the greatest common factor of 253 and 1564.
23
Calculate the highest common divisor of 2567 and 17.
17
Calculate the greatest common factor of 858 and 44.
22
Calculate the highest common factor of 19 and 71.
1
Calculate the highest common factor of 445 and 5.
5
Calculate the greatest common divisor of 9702 and 22.
22
What is the highest common divisor of 5 and 5?
5
What is the greatest common factor of 3188 and 8?
4
What is the greatest common divisor of 689 and 39?
13
What is the highest common divisor of 2156 and 44?
44
What is the greatest common factor of 121 and 99?
11
What is the highest common divisor of 522 and 2?
2
What is the greatest common factor of 810 and 30?
30
What is the highest common factor of 1 and 653?
1
Calculate the highest common factor of 18 and 450.
18
Calculate the greatest common factor of 10403 and 303.
101
What is the greatest common factor of 1376 and 559?
43
Calculate the greatest common divisor of 243 and 270.
27
Calculate the greatest common divisor of 32 and 1024.
32
Calculate the greatest common divisor of 65 and 195.
65
Calculate the greatest common factor of 21 and 93.
3
Calculate the highest common divisor of 8 and 358.
2
What is the highest common factor of 42 and 266?
14
What is the greatest common divisor of 804 and 12?
12
Calculate the greatest common divisor of 228 and 6.
6
What is the highest common factor of 760 and 76?
76
What is the greatest common factor of 2349 and 377?
29
What is the highest common factor of 97 and 679?
97
What is the greatest common factor of 138 and 5589?
69
Calculate the highest common divisor of 147 and 2401.
49
What is the highest common divisor of 9804 and 48?
12
Calculate the highest common factor of 22880 and 11.
11
Calculate the greatest common factor of 144 and 2610.
18
What is the highest common factor of 25 and 49925?
25
What is the highest common factor of 64380 and 29?
29
What is the greatest common factor of 54 and 864?
54
Calculate the greatest common factor of 128 and 288.
32
Calculate the highest common factor of 88 and 736.
8
What is the highest common divisor of 23 and 1909?
23
Calculate the highest common divisor of 80 and 2920.
40
What is the greatest common factor of 26 and 4290?
26
What is the greatest common factor of 119 and 136?
17
What is the highest common factor of 2266 and 88?
22
What is the greatest common divisor of 174 and 1363?
29
Calculate the greatest common divisor of 56 and 2312.
8
What is the greatest common factor of 168 and 240?
24
Calculate the greatest common divisor of 1170 and 10.
10
What is the highest common divisor of 42 and 987?
21
Calculate the highest common divisor of 137 and 17125.
137
What is the greatest common divisor of 57 and 76?
19
What is the highest common factor of 24 and 5784?
24
What is the highest common factor of 144 and 63?
9
Calculate the highest common factor of 2 and 634.
2
What is the highest common factor of 272 and 53584?
272
Calculate the highest common factor of 6 and 4431.
3
Calculate the highest common divisor of 42 and 441.
21
What is the greatest common factor of 304 and 14554?
38
Calculate the highest common divisor of 150 and 1785.
15
What is the greatest common factor of 70 and 560?
70
What is the greatest common divisor of 11114 and 2?
2
What is the greatest common divisor of 8 and 632?
8
Calculate the greatest common factor of 21834 and 18.
18
Calculate the highest common factor of 216 and 152.
8
Calculate the highest common factor of 165 and 45.
15
Calculate the highest common factor of 3403 and 83.
83
What is the highest common factor of 8 and 71?
1
Calculate the greatest common factor of 114 and 32.
2
What is the greatest common divisor of 4675 and 3553?
187
Calculate the highest common divisor of 2 and 281.
1
What is the greatest common divisor of 84 and 48?
12
Calculate the greatest common factor of 11 and 3421.
11
What is the highest common divisor of 799 and 141?
47
What is the greatest common divisor of 2964 and 156?
156
Calculate the highest common divisor of 2964 and 133.
19
What is the greatest common divisor of 12 and 804?
12
Calculate the highest common factor of 837 and 18.
9
Calculate the highest common divisor of 250 and 75.
25
What is the highest common factor of 253 and 33?
11
What is the highest common divisor of 120 and 760?
40
What is the greatest common divisor of 54 and 78?
6
Calculate the greatest common factor of 48 and 7248.
48
Calculate the highest common factor of 1075 and 25.
25
Calculate the greatest common divisor of 46 and 161.
23
Calculate the highest common divisor of 68 and 170.
34
What is the highest common factor of 435 and 4698?
87
What is the greatest common divisor of 15 and 915?
15
What is the greatest common divisor of 6565 and 5?
5
What is the greatest common factor of 11978 and 106?
106
Calculate the greatest common factor of 117 and 13.
13
Calculate the highest common factor of 120 and 5160.
120
What is the highest common factor of 5 and 45?
5
What is the greatest common divisor of 160 and 240?
80
Calculate the greatest common factor of 14 and 298.
2
What is the highest common factor of 612 and 60?
12
What is the greatest common factor of 336 and 399?
21
What is the greatest common factor of 84 and 912?
12
Calculate the greatest common factor of 242 and 22.
22
Calculate the highest common divisor of 387 and 5977.
43
Calculate the greatest common divisor of 136 and 34.
34
Calculate the greatest common factor of 80 and 32.
16
What is the greatest common factor of 15 and 37545?
15
What is the highest common factor of 86 and 14362?
86
Calculate the highest common divisor of 2025 and 25.
25
Calculate the greatest common divisor of 72 and 15.
3
Calculate the greatest common divisor of 255 and 187.
17
Calculate the greatest common factor of 1425 and 190.
95
Calculate the greatest common factor of 31712 and 32.
32
What is the greatest common divisor of 2236 and 946?
86
What is the highest common factor of 45 and 2880?
45
Calculate the greatest common factor of 295 and 15.
5
What is the highest common divisor of 48 and 108?
12
Calculate the highest common factor of 40 and 5.
5
Calculate the highest common factor of 473 and 66.
11
What is the greatest common factor of 6294 and 6?
6
What is the highest common divisor of 130 and 234?
26
What is the greatest common factor of 85 and 80?
5
What is the greatest common divisor of 82 and 943?
41
What is the greatest common divisor of 12 and 4266?
6
What is the highest common divisor of 7 and 371?
7
Calculate the highest common divisor of 3438 and 4393.
191
Calculate the greatest common factor of 68 and 3077.
17
What is the highest common divisor of 23 and 69?
23
Calculate the greatest common factor of 84 and 3402.
42
What is the highest common factor of 52 and 65?
13
What is the greatest common divisor of 507 and 15?
3
Calculate the greatest common divisor of 160 and 215.
5
What is the greatest common divisor of 279 and 31?
31
Calculate the highest common factor of 2440 and 40.
40
What is the highest common factor of 209 and 3515?
19
What is the highest common factor of 21311 and 211?
211
Calculate the highest common factor of 225 and 18.
9
Calculate the greatest common factor of 6280 and 24.
8
What is the greatest common divis